z be p(-20). Let g(m) = 3*m**2 - 2*m + 1917. Let d(c) = -4*c**2 + c - 1916. Let r(j) = z*g(j) + 4*d(j). Is r(0) prime?
False
Let k = 3 + 4. Suppose -w - k + 1 = -4*x, -3*x + 4 = -w. Suppose 17*a - 315 = w*a. Is a a prime number?
False
Let l = 589 - 3833. Let x = 3015 - l. Is x a composite number?
True
Let y(u) = 9029*u - 2. Let c(a) = -4514*a + 1. Let i(z) = -5*c(z) - 2*y(z). Is i(3) a prime number?
False
Let o = -8 - -11. Suppose o*y = 12 - 0. Is (y - 0)*(-4604)/(-16) composite?
False
Suppose -4*s - 2*m = -2*s + 92, 96 = -2*s + 2*m. Let x = s + 50. Suppose 5*w + 214 = r, -r + x*r + 2*w - 428 = 0. Is r composite?
True
Suppose -k - 5*u = -84272, 45194 = k + 3*u - 39068. Is k a prime number?
True
Let u(p) = 13 - 22 + 13 + 6 + p. Let k be u(-16). Is -7*(-14)/147 - 2288/k prime?
False
Let r be -3*(0 - 3/(-9)). Let a be r*535/(-2) + 11/22. Suppose -4*w + a = w + 3*j, -j + 160 = 3*w. Is w composite?
False
Suppose 0*p + 2*p + c - 10 = 0, 4*c = -4*p + 28. Suppose -3*h - 3*n + 22929 = 0, -p*h - 5*n + 22921 = -10*n. Is h a composite number?
True
Suppose 0 = 58*u - 65*u + 4074. Is (-1)/(-6) - (-6897185)/u a composite number?
True
Suppose 0 = 22*l - 21*l - 1. Let w be (6/21)/(l/(-1 - -8)). Suppose -3*j - 377 = -2*s + 292, -3*s = -w*j - 1011. Is s a prime number?
False
Suppose 39*p = 37*p + 228. Let g = p - 114. Is (-5591*2)/(-2) - (0 + g) composite?
False
Let u be 569/(-3) - 4/(-6). Let n = 1596 + -1280. Let y = u + n. Is y a composite number?
False
Let a(v) = 4*v + 90. Let y be a(-21). Is (-3)/((-45)/6755) + y/9 composite?
True
Let c(i) = 128*i + 22. Let f be c(6). Let d = f + -1749. Let p = 268 - d. Is p prime?
False
Is 10117653/143 + (19/44 - (-3)/(-12)) prime?
True
Let h = -783 + 782. Let c(m) = -15036*m + 79. Is c(h) prime?
False
Let w = 41 - 48. Let z(j) = j + 3. Let a be z(w). Is -34*-86*(-1)/a a composite number?
True
Suppose 4*i + w = 40, -w = 2*i - 0*w - 18. Let a be ((-88)/(-3))/((8/(-111))/(-4)). Suppose -i*r + a = -7*r. Is r a composite number?
True
Let b = 40 + -45. Let y(d) = d**2 + 4*d - 11. Let s be y(b). Is (3 + s)*(-223)/3 composite?
False
Suppose 0 = -4*s + 5*s + 5, -3*s + 20 = 5*o. Is (o + -8)*-1*23469 a composite number?
True
Let x(v) = v**3 - 3*v**2 - 8*v + 351. Is x(13) a prime number?
False
Let k(x) = -452*x**3 - 25*x**2 + 9*x + 67. Is k(-8) prime?
True
Let f be (69 - 64) + (1 - 3)*4754. Let j = -6762 - f. Is j composite?
False
Let z(g) = -g + 28. Let o be z(21). Let y be 972 + 1*(3 - o). Suppose -3*d + 1267 = -y. Is d a composite number?
True
Suppose -46*w - 2001164 = -68*w. Is w a prime number?
False
Suppose 4*j + 3*q = q + 88, 128 = 5*j - 2*q. Is 80/j*35835/10 a prime number?
False
Let n be 0 - (0 - 4/(-2)). Suppose -178*v + 527 - 1627 = 97*v. Is (v - (n - -3)*-2) + 1401 a composite number?
False
Let p(k) = 40*k**2 + 58*k + 3. Is p(-26) a prime number?
False
Is 352937 + (-7 - 0) + -12 + 13 prime?
True
Let g be ((-112)/308)/((-4)/66). Is (-6)/g*(2 - (24443 + 4)) a composite number?
True
Let m(a) = 580*a**3 + 43*a - 182. Is m(5) a composite number?
False
Let o(s) = -3*s**3 - s**2 + 2*s - 9. Let c = -44 + 35. Let b be (-18)/12*(-30)/c. Is o(b) composite?
False
Suppose 4*g - 32 = -4*d, 0 = 9*d - 7*d + 3*g - 20. Suppose 0 = -k + 5, 4976 = d*f + 6*k - 10*k. Is f a prime number?
True
Let n(p) = -6*p**2 - 9*p - 3. Let j be n(-5). Let q = -106 - j. Is q/(-6)*-9 - -1174 prime?
False
Suppose 263*p = -p + 8690616. Is p prime?
False
Suppose -t + 3*m = 12, -3*t + 2*m - 6 = 2. Suppose 0*n + 11*n + 20614 = t. Let c = -1219 - n. Is c a composite number?
True
Suppose 2*d = -4*t + 13950, 0 = 5*t - 4*d + 5*d - 17445. Suppose 0 = -a - 3*w + 714, -12*a = -7*a - w - t. Is a a prime number?
False
Suppose -q = 3*q - 12. Suppose -s + q*s - 674 = -2*i, 0 = i + 2. Suppose -4*u + s = 5*d, -2*d = 3*u + 2*u - 139. Is d a prime number?
True
Let o(z) = -45*z**3 - 7*z**2 + 11*z + 1. Let u be o(5). Is (-5)/(-2)*u/(-20) a composite number?
True
Is 28173/(-4)*((-5328)/(-108))/(-37) composite?
False
Suppose 147888 = 2*o + 5*z, 5*o - 235253 = -3*z + 134448. Is o prime?
True
Let d(l) = 6*l**3 + 6 + 11*l + 5*l**3 - 12*l**3 - 3*l**2. Let o be d(-5). Is (10 - 13)/(o/(-41)) a prime number?
False
Suppose 4*a + 3*k = -0*a + 212, 0 = 3*a + 3*k - 159. Suppose -5*w + 50 + 100 = -2*d, 5*d = -w + 30. Let r = a - w. Is r composite?
False
Suppose -699480 - 773202 = -142*c. Is c a composite number?
True
Let p be ((-22)/4)/(23/(-46)). Let r(s) = -6*s + 1 - p + 3. Is r(-15) prime?
True
Suppose -37*l = -43*l - 634272. Let w = 156371 + l. Is w composite?
True
Let j(y) = 3*y - 12. Let x be j(10). Let r(o) = o**3 - 18*o**2 + 39*o + 8. Let i be r(x). Let k = i + -43. Is k a composite number?
True
Let g = 32873 - -182120. Is g composite?
False
Let b(q) be the third derivative of -q**6/120 + q**5/30 + 7*q**4/8 + q**3/2 - 17*q**2 - 1. Is b(-10) a prime number?
False
Let x(a) = -a**3 + 3*a**2 + 7*a - 8. Suppose -8*j - 28 = -15*j. Let y be x(j). Suppose -3*k = -y*l + 3972, 5880 = 5*l + 5*k + 915. Is l prime?
False
Suppose -6*w + 12 = -7*w. Let h(o) = 3*o**2 + 35*o - 8. Let z be h(w). Suppose 318 = -2*m + z*m + 5*u, 4*u + 354 = 2*m. Is m composite?
True
Suppose -7866 = s + s + 2*i, -2*s - 3*i - 7869 = 0. Let v = s + 8679. Is (-1)/((18993/v - 4)/1) a composite number?
False
Let r(z) = 52*z**2 - 21*z - 6. Let i be r(-5). Let q = i - -114. Is q prime?
False
Let d = 35436 + -2125. Is d a prime number?
True
Suppose 0 = -5*s + 4*n + 1168369, 2*n - 580384 = -2*s - 113022. Is s a prime number?
False
Suppose 4*p + 5*d - 1523423 = 0, -422*p - d = -417*p - 1904326. Is p prime?
True
Suppose 2*a - 4*f - 622246 = 0, -f + 58559 = -5*a + 1614147. Is a composite?
True
Let g be (3 - 6)/(-1) - (1 - 2). Is 2/3*-43170*(-1)/g a composite number?
True
Let i be -3 + (6/8)/((-10)/(-40)). Suppose i = -6*p - 332 + 11948. Suppose p = 14*f + 60. Is f a prime number?
False
Let y(j) = -900*j - 27. Let i be y(-10). Is i/81 + 20/9 + -2 a composite number?
True
Let h(z) = 2*z. Suppose d = 2*o - 2*d - 9, -3*o - 5*d - 15 = 0. Let v be h(o). Suppose 4*n + v*n - 3*x = 332, -n = x - 83. Is n a prime number?
True
Let h = 2281497 - 96346. Is h a composite number?
False
Let j be (-1)/((0 - 2)/(3 + -1)). Is 730 + -4*(-1)/j a prime number?
False
Suppose -4*i = 4*r + 12, 0*i = r - 3*i - 5. Let k be r + 351 - (11 + -9). Suppose -4*q - k = -3608. Is q a composite number?
True
Suppose 5*i - 2*n = -n + 21, -4*i - 3*n + 32 = 0. Suppose -3*r - 6 = 0, -a = -0*a + i*r + 10. Suppose 2*s + 6 - 44 = a. Is s composite?
False
Let a = -106492 + 154369. Is a a composite number?
True
Let c be 32846/11*(2 + 1)*2. Suppose -c = -0*l - 4*l. Is l a composite number?
True
Let q(m) be the third derivative of 19*m**5/30 - 7*m**3/2 - 65*m**2. Is q(8) composite?
False
Suppose -3*y - 5*y + 61969 = -146647. Is y a prime number?
False
Let i = 2236 - 653. Let q = i - 904. Is q a prime number?
False
Let t(r) = -14*r - 87. Let w be t(-8). Let s(i) = 442*i + 33. Is s(w) a prime number?
True
Suppose -5*w + y + 408300 = 0, 354*y = 350*y - 20. Is w a prime number?
False
Suppose 0 = 4*r - 5*d - 2582874, 121*r + 1291450 = 123*r + 4*d. Is r a prime number?
False
Let q(t) = 8 + 819*t**2 + t + 3 - 4 - 826*t**2 + 15*t**3 + 14. Is q(14) a composite number?
True
Let i be (-15478)/8 + 2/(-8). Let y = i - -2765. Let n = 1749 - y. Is n composite?
False
Suppose 48*s - 35080 = 8*s. Is s composite?
False
Is 132/12 - -10657 - -5 composite?
True
Let g be (37/74)/((-1)/4770). Let x = -1690 - g. Is x prime?
False
Let o(w) = 1613*w**2 - 31*w - 165. Is o(-19) composite?
True
Let m be 5 + 2/(-5) + 320/(-200). Let v(b) = 95*b + 11. Let n be v(8). Suppose -m*y + 3*c = -n, -8*y - 2*c + 1040 = -4*y. Is y a prime number?
False
Let n be -4 - 373038/(-6) - 4. Suppose -2*o + n = -2529. Is o a composite number?
True
Suppose 0 = -2*y - 2*y - 4*o - 76744, -3*o = -5*y - 95954. Let u = y - -26942. Is u prime?
True
Let o = 89937 - 53854. Is o a prime number?
True
Let a(c) = 762*c + 1861. Is a(45) prime?
True
Let n(x) = 697*x - 20. Let i be n(4). Suppose -2*u + i + 878 = 0. Is u prime?
True
Let l(u) be the second derivative of u**4/12 - 7*u**2 - 15*u + 17. Suppose q - 3*c + 20 = -q, 0 = c - 2. Is l(q) composite?
True
Suppose -766*b = -765*b + 2. Is (-4)/(40/(-49815)) - b/(-4) composite?
True
Suppose 0 =